19456 a multiple of 112?
True
Is 52106995 a multiple of 205?
False
Does 938 divide 180769225?
False
Is 2047 a factor of 40774193?
True
Does 26 divide 415345294?
True
Is 32406528 a multiple of 33?
True
Is 10 a factor of 2124818900?
True
Is 767 a factor of 5358501?
False
Is 6424164 a multiple of 79?
False
Is 50 a factor of 26861350?
True
Is 3391813500 a multiple of 4750?
True
Is 4 a factor of 1613280801?
False
Does 347 divide 99350410?
False
Is 53 a factor of 113954293?
True
Does 31 divide 381963028?
True
Is 11 a factor of 4132600?
False
Is 132967999 a multiple of 1139?
True
Is 29 a factor of 4894950?
False
Is 393070230 a multiple of 7245?
True
Does 356 divide 4089826?
False
Is 240 a factor of 1066086000?
True
Is 8 a factor of 651721?
False
Is 93131258 a multiple of 151?
False
Does 78 divide 87578734?
False
Is 119759838 a multiple of 11?
True
Is 450 a factor of 27576461?
False
Is 42 a factor of 5715204968?
False
Is 570455352 a multiple of 12?
True
Does 53 divide 1253653622?
False
Is 170727703 a multiple of 1243?
False
Is 698321968 a multiple of 76?
False
Is 336830971 a multiple of 14?
False
Is 111886787 a multiple of 911?
False
Is 1140 a factor of 1068659529?
False
Is 364 a factor of 24227250?
False
Does 288 divide 7565596?
False
Is 197 a factor of 4286040861?
False
Is 39290606 a multiple of 2126?
True
Does 11 divide 195257821?
True
Does 50 divide 13999150?
True
Is 5 a factor of 69721745?
True
Is 524 a factor of 774753502?
False
Is 24 a factor of 15224249?
False
Does 17 divide 78735464?
False
Is 42229561 a multiple of 1713?
False
Is 23771021 a multiple of 80?
False
Is 60506926 a multiple of 390?
False
Is 36 a factor of 222689556?
True
Is 83008693 a multiple of 11?
False
Is 592 a factor of 3014872?
False
Does 192 divide 448002681?
False
Is 238 a factor of 189706170?
False
Is 23 a factor of 691533870?
True
Does 495 divide 174607290?
True
Is 307 a factor of 784353425?
False
Is 362587870 a multiple of 3335?
True
Is 12 a factor of 6331326?
False
Is 49 a factor of 2063851727?
True
Is 2497904998 a multiple of 859?
True
Does 65 divide 17225520?
True
Is 302378629 a multiple of 73?
True
Is 5864 a factor of 2850507992?
True
Is 188 a factor of 11801888?
True
Does 3037 divide 825848927?
False
Does 20 divide 17250657?
False
Does 3264 divide 506952062?
False
Does 171 divide 106030934?
False
Is 522 a factor of 846684?
True
Does 66 divide 94481640?
True
Is 3767486046 a multiple of 7449?
False
Is 94929445 a multiple of 180?
False
Does 122 divide 2824832408?
True
Does 25 divide 662847800?
True
Is 359393442 a multiple of 5379?
False
Is 26 a factor of 606624207?
False
Is 23 a factor of 58690690?
False
Is 60 a factor of 19476026?
False
Is 383571680 a multiple of 272?
True
Is 51 a factor of 9219169?
False
Is 260606203 a multiple of 11?
True
Is 19 a factor of 24876043?
False
Does 15 divide 68591778?
False
Is 2862 a factor of 80462268?
True
Does 17 divide 6558328?
True
Does 826 divide 79142172?
False
Is 3595 a factor of 83853375?
True
Does 10 divide 9790095?
False
Is 202 a factor of 88033216?
True
Is 65 a factor of 6418685?
True
Is 33 a factor of 562305381?
True
Is 34584675 a multiple of 195?
False
Does 296 divide 139153173?
False
Does 296 divide 222510679?
False
Is 207702039 even?
False
Is 3 a factor of 163244923?
False
Is 672027484 a multiple of 66?
False
Is 3975 a factor of 1116952160?
False
Is 123360382 a multiple of 301?
False
Is 122863224 a multiple of 88?
True
Is 864207734 a multiple of 5422?
False
Is 42940267 a multiple of 384?
False
Is 7 a factor of 15278020?
False
Is 4 a factor of 3524165?
False
Is 282708288 a multiple of 72?
True
Is 49 a factor of 223401976?
True
Is 341918461 a multiple of 384?
False
Does 226 divide 874000550?
False
Is 674235240 a multiple of 30?
True
Is 167 a factor of 1451101780?
False
Is 128633390 a multiple of 10?
True
Does 37 divide 35954831?
False
Is 20643220 a multiple of 20?
True
Is 509018521 a multiple of 722?
False
Does 44 divide 19567680?
True
Is 101742279 a multiple of 123?
True
Is 77762096 a multiple of 3?
False
Does 637 divide 43955658?
False
Is 508804610 a multiple of 454?
True
Does 606 divide 7533792?
True
Does 274 divide 113099883?
False
Is 121283756 a multiple of 112?
False
Does 29 divide 45458660?
True
Does 10 divide 617586500?
True
Does 22 divide 1232082918?
True
Does 277 divide 158189991?
True
Is 752104646 a multiple of 23?
True
Does 303 divide 181497?
True
Does 189 divide 71837777?
False
Is 16637180 a multiple of 3020?
True
Does 57 divide 364598961?
True
Is 1886 a factor of 35540832?
False
Is 3681902 a multiple of 6?
False
Does 2813 divide 205652804?
True
Does 1147 divide 969138839?
False
Is 759 a factor of 890388188?
False
Does 120 divide 3512968?
False
Is 826 a factor of 845577852?
True
Does 29 divide 701110699?
True
Is 62405970 a multiple of 30?
True
Is 28022336 a multiple of 16?
True
Is 4402 a factor of 38825640?
True
Does 783 divide 934434549?
True
Does 30 divide 26425576?
False
Is 760 a factor of 285276948?
False
Is 1391 a factor of 791278696?
True
Is 537 a factor of 711896604?
True
Does 615 divide 80719980?
True
Is 44 a factor of 26527380?
True
Does 32 divide 56202048?
True
Is 1695715476 a multiple of 518?
True
Is 44 a factor of 341241117?
False
Does 251 divide 649798338?
True
Is 381290515 a multiple of 10?
False
Is 24 a factor of 419320409?
False
Is 111097551 a multiple of 536?
False
Is 1579749543 a multiple of 58?
False
Is 494 a factor of 776205898?
True
Is 492521709 a multiple of 43?
False
Does 551 divide 68755984?
True
Is 1316148 a multiple of 201?
True
Does 24 divide 218837688?
True
Does 62 divide 248001457?
False
Is 71688936 a multiple of 24?
True
Is 3613090 a multiple of 13?
True
Does 41 divide 2469349091?
False
Does 13 divide 41964000?
True
Does 6 divide 14887750?
False
Is 15 a factor of 3204365960?
False
Is 44541912 a multiple of 58?
True
Is 210 a factor of 243889590?
True
Is 6462010 a multiple of 929?
False
Is 54 a factor of 2498043834?
True
Is 280055016 a multiple of 5285?
False
Is 1271 a factor of 48557284?
True
Does 7 divide 33560114?
True
Does 50 divide 128679483?
False
Is 702 a factor of 9387889?
False
Is 70 a factor of 20490470?
True
Is 49527807 a multiple of 1153?
False
Is 23 a factor of 743153?
True
Is 599077655 a multiple of 1026?
False
Is 5 a factor of 15284228?
False
Does 20 divide 428428040?
True
Is 23 a factor of 530927134?
False
Is 356546362 a multiple of 1366?
False
Is 856777628 a multiple of 1873?
True
Is 4328362 a multiple of 18?
False
Is 1614085108 a multiple of 8?
False
Is 71 a factor of 143852816?
True
Is 13086250 a multiple of 933?
False
Does 165 divide 46469075?
False
Is 11041968 a multiple of 708?
True
Is 4149929563 a multiple of 62?
False
Does 416 divide 47590400?
True
Is 55 a factor of 6632903?
False
Does 2831 divide 198402142?
True
Does 91 divide 379961015?
False
Does 810 divide 126461250?
True
Does 610 divide 30003460?
True
Does 6837 divide 2692349067?
True
Does 81 divide 1227044209?
False
Does 47 divide 40645553?
True
Is 166 a factor of 488084104?
False
Is 1546 a factor of 1259719450?
True
Is 562055111 a multiple of 1269?
False
Is 22375653 a multiple of 3169?
False
Does 23 divide 47691579?
False
Does 10 divide 36792570?
True
Is 42 a factor of 343244?
False
Is 39 a factor of 473846687?
False
Is 17291580 a multiple of 10?
True
Is 40336200 a multiple of 900?
True
Does 4789 divide 2675186513?
False
Does 246 divide 116199822?
True
Is 728294931 a multiple of 3731?
True
Is 90 a factor of 12052856?
False
Is 250 a factor of 6003000?
True
Is 3210908 a multiple of 61?
False
Is 1697 a factor of 30704333?
False
Is 790234609 a multiple of 569?
False
Does 152 divide 22620053?
False
Is 361 a factor of 1530146513?
True
Is 1579644880 a multiple of 6?
False
Is 767 a factor of 4488069?
False
Is 158 a factor of 82922049?
False
Is 14231992 a multiple of 461?
True
Is 485 a factor of 129822375?
True
Does 1145 divide 31753140?
True
Is 551 a factor of 19608437?
True
Does 7025 divide 1133076300?
True
Is 303 a factor of 1176046323?
True
Is 599981602 a multiple of 60?
False
Does 103 divide 74898377?
False
Does 6075 divide 785218050?
True
Is 1458 a factor of 202709364?
False
Is 1677 a factor of 961526397?
True
Is 62101150 a multiple of 4?
False
Does 109 divide 508962745?
False
Does 33 divide 238234766